{"id":896,"date":"2020-05-05T18:02:40","date_gmt":"2020-05-05T21:02:40","guid":{"rendered":"https:\/\/uep56terciario-cha.infd.edu.ar\/sitio\/?page_id=896"},"modified":"2026-03-19T00:24:52","modified_gmt":"2026-03-19T03:24:52","slug":"resoluciones-de-carreras-y-correlatividades","status":"publish","type":"page","link":"https:\/\/uep56terciario-cha.infd.edu.ar\/sitio\/resoluciones-de-carreras-y-correlatividades\/","title":{"rendered":"Resoluciones de Carreras y Correlatividades"},"content":{"rendered":"<ul>\n<li><strong>Profesorado para la Educaci\u00f3n Secundaria en Matem\u00e1tica<\/strong><br \/>\n<a href=\"https:\/\/drive.google.com\/open?id=1xrc98NuPsmICYuh16mgLf3y446yYG92q\">Plan de Estudios &#8211; Resoluci\u00f3n N\u00ba7612\/14 MECCT<\/a><br \/>\n<a href=\"https:\/\/drive.google.com\/open?id=1V0Iz-F4FqpAxMbvlEvuO5AgGgxlcdN2D\">Correlatividades &#8211; Resoluci\u00f3n N\u00ba2032\/16 MECCT<\/a><br \/>\n<a href=\"https:\/\/drive.google.com\/open?id=1izEskYzXyzYUM7MqXmog5Q82EYLeJfo7\">Dise\u00f1o Curricular &#8211; Resoluci\u00f3n N\u00ba6572\/14 MECCT<\/a><br \/>\n[Cohortes habilitadas: 2015 a 2025]<br \/>\nValidez Nacional Cohortes 2015 a 2019: Resoluci\u00f3n N\u00ba404\/16 ME<br \/>\nValidez Nacional Cohorte 2020: Resoluci\u00f3n N\u00ba3604\/21 ME<br \/>\nValidez Nacional Cohortes 2021 a 2024 Resoluci\u00f3n N\u00ba3604\/21 y Disposici\u00f3n N\u00ba224\/24 ME<\/li>\n<li><strong>Profesorado para la Formaci\u00f3n Docente en Bibliotecolog\u00eda<\/strong><br \/>\n<a href=\"https:\/\/drive.google.com\/open?id=1xd_DRfIzIXI2PXCvwf4AoiVhq0VA39Tg\">Plan de Estudios &#8211; Resoluci\u00f3n N\u00ba981\/17 MECCT<\/a><br \/>\n<a href=\"https:\/\/drive.google.com\/file\/d\/1vvUUPvAiXm_w6ltJv-qonjoj-hYKXbEO\/view?usp=sharing\">Modificatoria Plan de Estudios &#8211; Resoluci\u00f3n N\u00ba7557\/18 MECCT<\/a><br \/>\n<a href=\"https:\/\/drive.google.com\/open?id=1iKXxQIDIyFewVBsfl6jF_ufxVEHm3-aj\">Dise\u00f1o Curricular &#8211; Resoluci\u00f3n N\u00ba983\/17 MECCT<\/a><br \/>\n<a href=\"https:\/\/drive.google.com\/file\/d\/18urwaNLVKtHc3_voh6NmCiG4PkdXK9of\/view?usp=sharing\">Modificatoria Dise\u00f1o Curricular &#8211; Resoluci\u00f3n N\u00ba6724\/18 MECCT<\/a><br \/>\n<a href=\"https:\/\/drive.google.com\/file\/d\/1FkOpACl6rl9yInsjoE3N1fxyWwKOxeoy\/view?usp=sharing\">Correlatividades &#8211; Resoluci\u00f3n N\u00ba1862\/2020 MECCT<\/a><br \/>\n[Cohortes 2018 a 2019 &#8211; Carrera de Validez Provincia &#8211; Carrera cerrada]<\/li>\n<li><strong>Profesorado para la Educaci\u00f3n Superior en Educaci\u00f3n F\u00edsica <\/strong><br \/>\n<a href=\"https:\/\/drive.google.com\/open?id=16nMHccG5ERTiF0erIJ7pgZSrxatiBqai\">Plan de Estudios &#8211; Resoluci\u00f3n N\u00ba7593\/14 MECCT<\/a><br \/>\n<a href=\"https:\/\/drive.google.com\/open?id=1CpIUvlotOctJRLeraKXSE4IstvjpfZgW\">Dise\u00f1o Curricular &#8211; Resoluci\u00f3n N\u00ba6575\/14 MECCT<\/a><br \/>\n<a href=\"https:\/\/drive.google.com\/file\/d\/1G-TSRJPHnaha4w7lkrgF4Up9RneLn_qH\/view?usp=sharing\">Correlatividades &#8211; Resoluci\u00f3n N\u00ba2656\/16 MECCT<\/a><br \/>\n<a href=\"https:\/\/drive.google.com\/open?id=1g9f3qsU5UvgzJwwlUM9HmZDnPOGGPm0b\">Plan de Estudios &#8211; Resoluci\u00f3n N\u00ba1941\/17 MECCT<\/a><br \/>\n<a href=\"https:\/\/drive.google.com\/file\/d\/1HFK4yTcx_0ROFOEWCrGWeZ4DlVw9yche\/view?usp=sharing\">Dise\u00f1o Curricular &#8211; Resoluci\u00f3n N\u00ba277\/17 MECCT<\/a><br \/>\n<a href=\"https:\/\/drive.google.com\/file\/d\/1IhHlqwTU7SX6TImI-QfD445TmNwu5IGj\/view?usp=sharing\">Correlatividades &#8211; Resoluci\u00f3n N\u00ba6945\/18 MECCT<\/a><br \/>\n[Cohortes habilitadas: Plan anterior: Cohorte 2016 (Impl.Res.N\u00ba314\/15); Plan nuevo: Cohortes 2017 a 2019 (Impl.Res.N\u00ba1941\/17) y Cohorte 2022 (Impl.Res.N\u00ba3080\/22 ); Cohorte 2023 (Impl.Res.N\u00ba2025\/23); Cohorte 2024 (Impl.Res.E\/T) y Cohorte 2024 (Impl.Res.E\/T)]<br \/>\nValidez Nacional Cohorte 2016: Resoluci\u00f3n N\u00ba2061\/17 ME<br \/>\nValidez Nacional Cohortes 2017 a 2019: Resoluci\u00f3n N\u00ba1333\/18 ME<br \/>\nValidez Nacional Cohortes 2022 a 2025: E\/T<\/li>\n<li><strong>Profesorado para la Educaci\u00f3n Tecnol\u00f3gica<\/strong><br \/>\n<a href=\"https:\/\/drive.google.com\/open?id=1vwoUrWd02cOlRCyiiKQyq5mnOc-kOWzZ\">Plan de Estudios &#8211; Resoluci\u00f3n N\u00ba7619\/14 MECCT<\/a><br \/>\n<a href=\"https:\/\/drive.google.com\/open?id=1XLwjyr5UdqDTOfWToJxGYfAcWSzavcem\">Correlatividades &#8211; Resoluci\u00f3n N\u00ba2653\/16 MECCT<\/a><br \/>\n<a href=\"https:\/\/drive.google.com\/open?id=1tCVgnjmFej8BrILp7nSexqYbEYK0k3ba\">Dise\u00f1o Curricular &#8211; Resoluci\u00f3n N\u00ba6567\/14 MECCT<\/a><br \/>\n[Cohortes habilitadas: 2020 a 2021 y Cohorte 2024]<br \/>\nValidez Nacional Cohorte 2020: Resoluci\u00f3n N\u00ba2965\/21 ME<br \/>\nValidez Nacional Cohortes 2021 y 2024 E\/T)<\/li>\n<li><strong>Profesorado para la Educaci\u00f3n Inicial<br \/>\n<\/strong><a href=\"https:\/\/drive.google.com\/file\/d\/1rNeI1uMKtJe02_SmNZjKVZtHORP-Rz2p\/view?usp=sharing\">Plan de Estudios &#8211; Resoluci\u00f3n N\u00ba7595\/14 MECCT<\/a><br \/>\n<a href=\"https:\/\/drive.google.com\/file\/d\/1_-wMvLcF-H2hE_XpbaS4K9iQ21dmBJjb\/view?usp=sharing\">Correlatividades &#8211; Resoluci\u00f3n N\u00ba2035\/16 MECCT<\/a><br \/>\n<a href=\"https:\/\/drive.google.com\/file\/d\/1rqh8bWcaPEmoJ3k0SuvJF4JQ9gTS8m4H\/view?usp=sharing\">Dise\u00f1o Curricular &#8211; Resoluci\u00f3n N\u00ba6573\/14 MECCT<\/a><br \/>\n[Cohorte habilitada: Cohorte 2025 s\/Res.N\u00baE\/T]<br \/>\nValidez Nacional Cohorte 2025: Resoluci\u00f3n E\/T<\/li>\n<li><strong>Profesorado para la Educaci\u00f3n Primaria<br \/>\n<\/strong><a href=\"https:\/\/drive.google.com\/file\/d\/1qR79OAiWb7DmINW6nRkIHzEKZQ0d7z10\/view?usp=sharing\">Plan de Estudios &#8211; Resoluci\u00f3n N\u00ba7594\/14 MECCT<\/a><br \/>\n<a href=\"https:\/\/drive.google.com\/file\/d\/1-ZITHzaHUlw_c077jcYsCHge7hk6mQSU\/view?usp=sharing\">Correlatividades &#8211; Resoluci\u00f3n N\u00ba2025\/16 MECCT<\/a><br \/>\n<a href=\"https:\/\/drive.google.com\/file\/d\/1tHDC6luWTLyQx1zjKaqQdtgpV-g3XW0I\/view?usp=sharing\">Dise\u00f1o Curricular &#8211; Resoluci\u00f3n N\u00ba6571\/14 MECCT<\/a><br \/>\n[Cohorte habilitada: Cohorte 2026 s\/Res.N\u00baE\/T]<br \/>\nValidez Nacional Cohorte 2026: Resoluci\u00f3n E\/T<\/li>\n<li><strong>Tecnicatura Superior en Administraci\u00f3n P\u00fablica<\/strong><br \/>\n<a href=\"https:\/\/drive.google.com\/open?id=1psL_bmM-1AUtYqSBo4dEGTOtTU9L7kYh\">Plan de Estudios &#8211; Resoluci\u00f3n N\u00ba2299\/12 MECCT<\/a><br \/>\n[Cohorte 2015 y Cohorte 2020 &#8211; Carrera cerrada]<br \/>\nValidez Nacional Cohorte 2015: Resoluci\u00f3n N\u00ba1662\/17 ME<br \/>\nValidez Nacional Cohorte 2020: Resoluci\u00f3n N\u00ba1662\/17 y Disp.N\u00ba038\/22 ME<\/li>\n<li><strong>Tecnicatura Superior en Administraci\u00f3n y Gesti\u00f3n Municipal<\/strong><br \/>\n<a href=\"https:\/\/drive.google.com\/file\/d\/1Vajv0gAibKwFzgzfKSbQx57vOv-Y6u9F\/view?usp=sharing\">Plan de Estudios &#8211; Resoluci\u00f3n N\u00ba1400\/22 MECCT<\/a><br \/>\n[Cohorte habilitada: 2023 &#8211; Carrera en proceso de cierre]<br \/>\nValidez Nacional Cohorte 2023 E\/T<\/li>\n<li><strong>Tecnicatura Superior en Econom\u00eda Social y Desarrollo Local<\/strong><br \/>\n<a href=\"https:\/\/drive.google.com\/file\/d\/1LOjOUdSkoJLR1kQpBlAh_Nxr5BmoHhJa\/view?usp=sharing\">Plan de Estudios &#8211; Resoluci\u00f3n N\u00ba1963\/12<\/a><br \/>\n[Cohorte habilitada 2017 &#8211; Carrera cerrada]<br \/>\nValidez Nacional Cohorte 2017: Resoluci\u00f3n 346\/18 y Disp.N\u00ba038\/22 ME<\/li>\n<li><strong>Tecnicatura Superior en Seguridad, Higiene y Medio Ambiente en el Trabajo<\/strong><br \/>\n<a href=\"https:\/\/drive.google.com\/file\/d\/1Srpmet0gQSrpHUK5-8SIy-yHX6nQZJtW\/view?usp=sharing\">Plan de Estudios &#8211; Resoluci\u00f3n N\u00ba4062\/14 MECCT<\/a><br \/>\n[Cohortes habilitadas: 2021 a 2025]<br \/>\nValidez Nacional Cohortes 2021 a 2022: Resoluci\u00f3n N\u00ba394\/22 ME<br \/>\nValidez Nacional Cohortes 2023 a 2024: E\/T<\/li>\n<\/ul>\n","protected":false},"excerpt":{"rendered":"<p>Profesorado para la Educaci\u00f3n Secundaria en Matem\u00e1tica Plan de Estudios &#8211; Resoluci\u00f3n N\u00ba7612\/14 MECCT Correlatividades &#8211; Resoluci\u00f3n N\u00ba2032\/16 MECCT Dise\u00f1o Curricular &#8211; Resoluci\u00f3n N\u00ba6572\/14 MECCT [Cohortes habilitadas: 2015 a 2025] Validez Nacional Cohortes 2015 a 2019: Resoluci\u00f3n N\u00ba404\/16 ME Validez Nacional Cohorte 2020: Resoluci\u00f3n N\u00ba3604\/21 ME Validez Nacional Cohortes 2021 a 2024 Resoluci\u00f3n N\u00ba3604\/21 y &#8230; <a title=\"Resoluciones de Carreras y Correlatividades\" class=\"read-more\" href=\"https:\/\/uep56terciario-cha.infd.edu.ar\/sitio\/resoluciones-de-carreras-y-correlatividades\/\" aria-label=\"More on Resoluciones de Carreras y Correlatividades\">[+]<\/a><\/p>\n","protected":false},"author":13,"featured_media":0,"parent":0,"menu_order":0,"comment_status":"closed","ping_status":"closed","template":"","meta":[],"acf":[],"_links":{"self":[{"href":"https:\/\/uep56terciario-cha.infd.edu.ar\/sitio\/wp-json\/wp\/v2\/pages\/896"}],"collection":[{"href":"https:\/\/uep56terciario-cha.infd.edu.ar\/sitio\/wp-json\/wp\/v2\/pages"}],"about":[{"href":"https:\/\/uep56terciario-cha.infd.edu.ar\/sitio\/wp-json\/wp\/v2\/types\/page"}],"author":[{"embeddable":true,"href":"https:\/\/uep56terciario-cha.infd.edu.ar\/sitio\/wp-json\/wp\/v2\/users\/13"}],"replies":[{"embeddable":true,"href":"https:\/\/uep56terciario-cha.infd.edu.ar\/sitio\/wp-json\/wp\/v2\/comments?post=896"}],"version-history":[{"count":23,"href":"https:\/\/uep56terciario-cha.infd.edu.ar\/sitio\/wp-json\/wp\/v2\/pages\/896\/revisions"}],"predecessor-version":[{"id":1521,"href":"https:\/\/uep56terciario-cha.infd.edu.ar\/sitio\/wp-json\/wp\/v2\/pages\/896\/revisions\/1521"}],"wp:attachment":[{"href":"https:\/\/uep56terciario-cha.infd.edu.ar\/sitio\/wp-json\/wp\/v2\/media?parent=896"}],"curies":[{"name":"wp","href":"https:\/\/api.w.org\/{rel}","templated":true}]}}