{"id":885,"date":"2020-05-03T23:52:55","date_gmt":"2020-05-04T02:52:55","guid":{"rendered":"https:\/\/uep56terciario-cha.infd.edu.ar\/sitio\/?page_id=885"},"modified":"2020-05-26T09:55:50","modified_gmt":"2020-05-26T12:55:50","slug":"tutoriales-basicos","status":"publish","type":"page","link":"https:\/\/uep56terciario-cha.infd.edu.ar\/sitio\/tutoriales-basicos\/","title":{"rendered":"TUTORIALES B\u00c1SICOS"},"content":{"rendered":"<p><a href=\"https:\/\/uep56terciario-cha.infd.edu.ar\/sitio\/wp-content\/uploads\/2020\/05\/Tutorial-B\u00e1sico-para-Acceso-y-Trabajo-desde-la-plataforma-virtual-de-la-UEGP56.pdf\">Tutorial B\u00e1sico para Docentes &#8211; Acceso y Trabajo desde la plataforma virtual<\/a><\/p>\n<p><a href=\"https:\/\/drive.google.com\/open?id=1V2oSZWZZ05hD_eZmfRbCBykQHROsIt0j\">Tutorial B\u00e1sico para Alumnos &#8211; Acceso y Trabajo desde la plataforma virtual<\/a><\/p>\n<p><a href=\"https:\/\/drive.google.com\/open?id=1Yu9wlKNovXiq9Jv91lUmi553PsqUKx75\">Tutorial B\u00e1sico para Alumnos &#8211; Primer Acceso<\/a><\/p>\n<p><a href=\"https:\/\/tic.infd.edu.ar\/tutoriales-aportes-teoricos-y-recursos\/\">Tutoriales INFOD<\/a><\/p>\n<p><a href=\"https:\/\/www.youtube.com\/watch?v=FxNMG0gqP8o\">Video Tutorial para Docentes<\/a><\/p>\n<p><a href=\"https:\/\/www.youtube.com\/watch?v=EhMF5gCHo8M&amp;feature=youtu.be\">Video Tutorial para Alumnos &#8211; PC o Notebook- Ingreso al Campus<\/a><\/p>\n<p><a href=\"https:\/\/www.youtube.com\/watch?v=BiQ5yzVVg0A&amp;feature=youtu.be\">Video Tutorial para Alumnos &#8211; PC o Notebook- Ingreso al Aula<\/a><\/p>\n<p><a href=\"https:\/\/www.youtube.com\/watch?v=mBp3_YmU5pU&amp;feature=youtu.be\">Video Tutorial para Alumnos &#8211; Celular<\/a><\/p>\n","protected":false},"excerpt":{"rendered":"<p>Tutorial B\u00e1sico para Docentes &#8211; Acceso y Trabajo desde la plataforma virtual Tutorial B\u00e1sico para Alumnos &#8211; Acceso y Trabajo desde la plataforma virtual Tutorial B\u00e1sico para Alumnos &#8211; Primer Acceso Tutoriales INFOD Video Tutorial para Docentes Video Tutorial para Alumnos &#8211; PC o Notebook- Ingreso al Campus Video Tutorial para Alumnos &#8211; PC o &#8230; <a title=\"TUTORIALES B\u00c1SICOS\" class=\"read-more\" href=\"https:\/\/uep56terciario-cha.infd.edu.ar\/sitio\/tutoriales-basicos\/\" aria-label=\"More on TUTORIALES B\u00c1SICOS\">[+]<\/a><\/p>\n","protected":false},"author":13,"featured_media":0,"parent":0,"menu_order":0,"comment_status":"closed","ping_status":"closed","template":"","meta":[],"acf":[],"_links":{"self":[{"href":"https:\/\/uep56terciario-cha.infd.edu.ar\/sitio\/wp-json\/wp\/v2\/pages\/885"}],"collection":[{"href":"https:\/\/uep56terciario-cha.infd.edu.ar\/sitio\/wp-json\/wp\/v2\/pages"}],"about":[{"href":"https:\/\/uep56terciario-cha.infd.edu.ar\/sitio\/wp-json\/wp\/v2\/types\/page"}],"author":[{"embeddable":true,"href":"https:\/\/uep56terciario-cha.infd.edu.ar\/sitio\/wp-json\/wp\/v2\/users\/13"}],"replies":[{"embeddable":true,"href":"https:\/\/uep56terciario-cha.infd.edu.ar\/sitio\/wp-json\/wp\/v2\/comments?post=885"}],"version-history":[{"count":12,"href":"https:\/\/uep56terciario-cha.infd.edu.ar\/sitio\/wp-json\/wp\/v2\/pages\/885\/revisions"}],"predecessor-version":[{"id":939,"href":"https:\/\/uep56terciario-cha.infd.edu.ar\/sitio\/wp-json\/wp\/v2\/pages\/885\/revisions\/939"}],"wp:attachment":[{"href":"https:\/\/uep56terciario-cha.infd.edu.ar\/sitio\/wp-json\/wp\/v2\/media?parent=885"}],"curies":[{"name":"wp","href":"https:\/\/api.w.org\/{rel}","templated":true}]}}