{"id":730,"date":"2018-07-26T10:40:07","date_gmt":"2018-07-26T13:40:07","guid":{"rendered":"https:\/\/uep56terciario-cha.infd.edu.ar\/sitio\/?page_id=730"},"modified":"2024-02-19T10:46:30","modified_gmt":"2024-02-19T13:46:30","slug":"ingresantes","status":"publish","type":"page","link":"https:\/\/uep56terciario-cha.infd.edu.ar\/sitio\/estudiantes\/ingresantes\/","title":{"rendered":"Ingresantes"},"content":{"rendered":"<h3>Requisitos Generales de Inscripci\u00f3n<\/h3>\n<ul>\n<li>Fotocopia DNI<\/li>\n<li>Fotocopia Acta de Nacimiento (actualizada)<\/li>\n<li>Fotocopia T\u00edtulo Secundario\/Polimodal y\/o Constancia de T\u00edtulo en Tr\u00e1mite<\/li>\n<li>Certificado de Domicilio<\/li>\n<li>Constancia de CUIL<\/li>\n<li>Solicitud de Inscripci\u00f3n<\/li>\n<li>Carpeta de Legajo Colgante<\/li>\n<li>Psicof\u00edsico (exclusivamente para la carrera de Educaci\u00f3n F\u00edsica)<\/li>\n<\/ul>\n","protected":false},"excerpt":{"rendered":"<p>Requisitos Generales de Inscripci\u00f3n Fotocopia DNI Fotocopia Acta de Nacimiento (actualizada) Fotocopia T\u00edtulo Secundario\/Polimodal y\/o Constancia de T\u00edtulo en Tr\u00e1mite Certificado de Domicilio Constancia de CUIL Solicitud de Inscripci\u00f3n Carpeta de Legajo Colgante Psicof\u00edsico (exclusivamente para la carrera de Educaci\u00f3n F\u00edsica)<\/p>\n","protected":false},"author":6,"featured_media":0,"parent":692,"menu_order":0,"comment_status":"closed","ping_status":"closed","template":"","meta":[],"acf":[],"_links":{"self":[{"href":"https:\/\/uep56terciario-cha.infd.edu.ar\/sitio\/wp-json\/wp\/v2\/pages\/730"}],"collection":[{"href":"https:\/\/uep56terciario-cha.infd.edu.ar\/sitio\/wp-json\/wp\/v2\/pages"}],"about":[{"href":"https:\/\/uep56terciario-cha.infd.edu.ar\/sitio\/wp-json\/wp\/v2\/types\/page"}],"author":[{"embeddable":true,"href":"https:\/\/uep56terciario-cha.infd.edu.ar\/sitio\/wp-json\/wp\/v2\/users\/6"}],"replies":[{"embeddable":true,"href":"https:\/\/uep56terciario-cha.infd.edu.ar\/sitio\/wp-json\/wp\/v2\/comments?post=730"}],"version-history":[{"count":4,"href":"https:\/\/uep56terciario-cha.infd.edu.ar\/sitio\/wp-json\/wp\/v2\/pages\/730\/revisions"}],"predecessor-version":[{"id":1300,"href":"https:\/\/uep56terciario-cha.infd.edu.ar\/sitio\/wp-json\/wp\/v2\/pages\/730\/revisions\/1300"}],"up":[{"embeddable":true,"href":"https:\/\/uep56terciario-cha.infd.edu.ar\/sitio\/wp-json\/wp\/v2\/pages\/692"}],"wp:attachment":[{"href":"https:\/\/uep56terciario-cha.infd.edu.ar\/sitio\/wp-json\/wp\/v2\/media?parent=730"}],"curies":[{"name":"wp","href":"https:\/\/api.w.org\/{rel}","templated":true}]}}