{"id":683,"date":"2018-07-25T15:06:14","date_gmt":"2018-07-25T18:06:14","guid":{"rendered":"https:\/\/uep56terciario-cha.infd.edu.ar\/sitio\/?page_id=683"},"modified":"2020-05-24T23:08:13","modified_gmt":"2020-05-25T02:08:13","slug":"institucional","status":"publish","type":"page","link":"https:\/\/uep56terciario-cha.infd.edu.ar\/sitio\/institucional\/","title":{"rendered":"Nuestra Historia"},"content":{"rendered":"<p>Desde el a\u00f1o 1953 al servicio de la educaci\u00f3n. Transform\u00e1ndose en el capital cultural de la regi\u00f3n y sembrando docentes con visi\u00f3n de futuro por toda la geograf\u00eda argentina e incluso pa\u00edses vecinos y Europa.<\/p>\n<p>Pioneros en la Formaci\u00f3n Docente en el Chaco, desde el a\u00f1o 1972 con 27 promociones de Profesores para la Ense\u00f1anza Primaria, 11 promociones de Profesores para la Educaci\u00f3n Preescolar, 20 promociones de Profesores para la Ense\u00f1anza Media (<em>Prof. en Castellano, Literatura e Historia; Prof. Matem\u00e1tica, F\u00edsica y Cosmograf\u00eda; Prof. en Filosof\u00eda, Psicolog\u00eda y Pedagog\u00eda y Prof. en\u00a0Geograf\u00eda y Ciencias Biol\u00f3gicas<\/em>), 12 promociones de Profesores para la Educaci\u00f3n Secundaria en Biolog\u00eda, 12 promociones de Profesores para la Educaci\u00f3n Secundaria en Historia, 5 promociones de Profesores para la Educaci\u00f3n Secundaria en Matem\u00e1tica, 4 promociones de Profesores para la Educaci\u00f3n Secundaria en Lengua y Literatura, 1 promoci\u00f3n de T\u00e9cnicos Superiores en Seguridad, Higiene y Medio Ambiente en el Trabajo Industrial, 2 promociones de T\u00e9cnicos Superiores en Administraci\u00f3n P\u00fablica, 1 promoci\u00f3n de T\u00e9cnicos Superiores en Econom\u00eda Social y Desarrollo Local.<\/p>\n<p>MISI\u00d3N<br \/>\nLa Instituci\u00f3n Educativa U.E.G.P.N\u00ba56 \u00abCarlos Belisario Enr\u00edquez\u00bb, forma hombres y mujeres con valores, competencias acad\u00e9micas y t\u00e9cnicas para que sean l\u00edderes, creativos y capaces de construir su proyecto de vida para mejorar continuamente desde lo humano, social, cultural y ambiental para ello cuenta con el mejor talento humano y los mejores recursos f\u00edsicos y tecnol\u00f3gicos obtenidos por esfuerzos permanente en la gesti\u00f3n de la Cooperadora Escolar.<\/p>\n<p>VISI\u00d3N:<br \/>\nDesde la fundaci\u00f3n en 1953 y desde la consolidaci\u00f3n de Nuestra Instituci\u00f3n, siempre ha sido el norte y el horizonte, nuestra mira en el objetivo trazado por su fundador <strong><em>Don Carlos<\/em><\/strong>:\u00bbQue la Unidad Educativa de Gesti\u00f3n Privada N\u00ba56, sea l\u00edder en educaci\u00f3n formal, investigaci\u00f3n y capacitaci\u00f3n \u00abpermitiendo a los estudiantes convertirse en ciudadanos con competencias acad\u00e9micas y laborales, compartidos con su calidad de vida y el desarrollo de la comunidad toda.<\/p>\n<p>&nbsp;<\/p>\n","protected":false},"excerpt":{"rendered":"<p>Desde el a\u00f1o 1953 al servicio de la educaci\u00f3n. Transform\u00e1ndose en el capital cultural de la regi\u00f3n y sembrando docentes con visi\u00f3n de futuro por toda la geograf\u00eda argentina e incluso pa\u00edses vecinos y Europa. Pioneros en la Formaci\u00f3n Docente en el Chaco, desde el a\u00f1o 1972 con 27 promociones de Profesores para la Ense\u00f1anza &#8230; <a title=\"Nuestra Historia\" class=\"read-more\" href=\"https:\/\/uep56terciario-cha.infd.edu.ar\/sitio\/institucional\/\" aria-label=\"More on Nuestra Historia\">[+]<\/a><\/p>\n","protected":false},"author":6,"featured_media":0,"parent":0,"menu_order":0,"comment_status":"closed","ping_status":"closed","template":"","meta":[],"acf":[],"_links":{"self":[{"href":"https:\/\/uep56terciario-cha.infd.edu.ar\/sitio\/wp-json\/wp\/v2\/pages\/683"}],"collection":[{"href":"https:\/\/uep56terciario-cha.infd.edu.ar\/sitio\/wp-json\/wp\/v2\/pages"}],"about":[{"href":"https:\/\/uep56terciario-cha.infd.edu.ar\/sitio\/wp-json\/wp\/v2\/types\/page"}],"author":[{"embeddable":true,"href":"https:\/\/uep56terciario-cha.infd.edu.ar\/sitio\/wp-json\/wp\/v2\/users\/6"}],"replies":[{"embeddable":true,"href":"https:\/\/uep56terciario-cha.infd.edu.ar\/sitio\/wp-json\/wp\/v2\/comments?post=683"}],"version-history":[{"count":8,"href":"https:\/\/uep56terciario-cha.infd.edu.ar\/sitio\/wp-json\/wp\/v2\/pages\/683\/revisions"}],"predecessor-version":[{"id":1227,"href":"https:\/\/uep56terciario-cha.infd.edu.ar\/sitio\/wp-json\/wp\/v2\/pages\/683\/revisions\/1227"}],"wp:attachment":[{"href":"https:\/\/uep56terciario-cha.infd.edu.ar\/sitio\/wp-json\/wp\/v2\/media?parent=683"}],"curies":[{"name":"wp","href":"https:\/\/api.w.org\/{rel}","templated":true}]}}